{"id":1791,"date":"2019-06-25T18:22:49","date_gmt":"2019-06-25T22:22:49","guid":{"rendered":"https:\/\/www.ecopark.com.br\/site\/?post_type=product&#038;p=1791"},"modified":"2021-03-18T22:47:05","modified_gmt":"2021-03-19T02:47:05","slug":"plano-familiar-anual-com-taxa-de-manutencao","status":"publish","type":"product","link":"https:\/\/www.ecopark.com.br\/site\/product\/plano-familiar-anual-com-taxa-de-manutencao\/","title":{"rendered":"Plano Anual &#8211; Fam\u00edlia + Amigos (20)"},"content":{"rendered":"<h3>ESPECIFICA\u00c7\u00d5ES<\/h3>\n<p>T\u00edtulo tem valor por 01 ano.<br \/>\nTITULAR + 4 Dependentes + 2 Convidados.<br \/>\n&#8211; Necess\u00e1rio Grau de Parentesco (Esposo(a), Filho menores de 21 anos<br \/>\n-Taxa de manuten\u00e7\u00e3o R$ 39,90<\/p>\n<h3>DIREITOS e VANTAGENS<\/h3>\n<p>Acesso livre ao Parque Aqu\u00e1tico o ano todo;<br \/>\n50% de desconto nas hospedagens;<br \/>\n20% de desconto na loca\u00e7\u00e3o de sal\u00e3o de eventos para anivers\u00e1rios, casamentos, formaturas, etc;<br \/>\nIsen\u00e7\u00e3o para a entrada de convidados, desde que estes estejam acompanhados do respectivo titular ou dependente;<br \/>\nDependente n\u00e3o precisa estar acompanhado do titular;<br \/>\nConvidados n\u00e3o t\u00eam direito ao desconto de hospedagem.<br \/>\nManuten\u00e7\u00e3o \u00e9 corrigida anualmente pelo IGPM.<\/p>\n","protected":false},"excerpt":{"rendered":"<p>ESPECIFICA\u00c7\u00d5ES T\u00edtulo tem valor por 01 ano. TITULAR + 4 Dependentes + 2 Convidados. &#8211; Necess\u00e1rio Grau de Parentesco (Esposo(a), Filho menores de 21 anos -Taxa de manuten\u00e7\u00e3o R$ 39,90 DIREITOS e VANTAGENS Acesso livre ao Parque Aqu\u00e1tico o ano todo; 50% de desconto nas hospedagens; 20% de desconto na loca\u00e7\u00e3o de sal\u00e3o de eventos [&hellip;]<\/p>\n","protected":false},"featured_media":3332,"template":"","meta":[],"product_cat":[132],"product_tag":[],"class_list":{"0":"post-1791","1":"product","2":"type-product","3":"status-publish","4":"has-post-thumbnail","6":"product_cat-planos","8":"first","9":"instock","10":"virtual","11":"sold-individually","12":"purchasable","13":"product-type-subscription"},"_links":{"self":[{"href":"https:\/\/www.ecopark.com.br\/site\/wp-json\/wp\/v2\/product\/1791"}],"collection":[{"href":"https:\/\/www.ecopark.com.br\/site\/wp-json\/wp\/v2\/product"}],"about":[{"href":"https:\/\/www.ecopark.com.br\/site\/wp-json\/wp\/v2\/types\/product"}],"wp:featuredmedia":[{"embeddable":true,"href":"https:\/\/www.ecopark.com.br\/site\/wp-json\/wp\/v2\/media\/3332"}],"wp:attachment":[{"href":"https:\/\/www.ecopark.com.br\/site\/wp-json\/wp\/v2\/media?parent=1791"}],"wp:term":[{"taxonomy":"product_cat","embeddable":true,"href":"https:\/\/www.ecopark.com.br\/site\/wp-json\/wp\/v2\/product_cat?post=1791"},{"taxonomy":"product_tag","embeddable":true,"href":"https:\/\/www.ecopark.com.br\/site\/wp-json\/wp\/v2\/product_tag?post=1791"}],"curies":[{"name":"wp","href":"https:\/\/api.w.org\/{rel}","templated":true}]}}